 31*l + 30911 = 102769. What is the highest common divisor of l and 854?
122
Let l be (-5421)/(-57) + 6/(-57) - 14. What is the highest common factor of 19143 and l?
27
Let x = 1463 + -384. What is the greatest common factor of x and 83?
83
Let o(f) = 12*f - 28 + 9 - 7. Let r(s) = -2*s**2 + 17*s - 27. Let w be r(5). Let l be o(w). What is the greatest common factor of l and 14?
14
Suppose 3*k = -4*j + 15243, j - 5*k = -1965 + 5793. What is the greatest common factor of j and 279?
93
Let p be 2/5 - 126/315 - -84. Calculate the greatest common divisor of 192 and p.
12
Let g = -27 + 21. Let t be (g/6)/((-2)/616). Let o be 3738/133 - -7*(-8)/532. What is the greatest common factor of t and o?
28
Let n(x) = -6*x**3 - 10*x**2 - 11*x - 14. Let c be n(-6). Suppose -6*p + c = -4*p - 4*a, 4*a = -3*p + 1532. Calculate the highest common divisor of 14 and p.
14
Let z(o) = o**2 - 3*o + 2. Let q be z(-5). Suppose 434 = 15*p - 558 - 583. What is the highest common factor of p and q?
21
Suppose -39*m - 6597 = -27189. Let d = m + -522. What is the highest common factor of d and 5?
1
Let j be (-24)/(-216)*27*6913. What is the greatest common divisor of 31 and j?
31
Let h be -65 + (21/42)/((-2)/(-16)). Let k = h - -63. What is the highest common factor of 16 and k?
2
Let l = 203 + -37. Suppose 0 = -4*q - 5*a + 809 - l, 3*q + 4*a = 482. Let o be 1276/143 + 1/13. What is the greatest common factor of q and o?
9
Let m = 46 + -21. Suppose 4*w + 8 = 0, c - 3*w = 2*w + m. Calculate the highest common divisor of 540 and c.
15
Let p be (-8)/6 + (-368)/(-69). Suppose 608 = 4*i + 4*o - 1108, p*o = -12. Calculate the highest common factor of 54 and i.
54
Suppose v + 2*k - 472 = -k, 4*k - 8 = 0. Let o = -274 + v. Calculate the greatest common factor of o and 12.
12
Suppose -208 = -296*u + 270*u. Calculate the highest common factor of 92 and u.
4
Suppose 0 = 7*l - 11*l - 4, 2*l = 2*d - 30. Suppose d*j = 2088 - 688. Calculate the highest common factor of j and 60.
20
Let z(a) = -39*a**2 - 22*a + 91. Let k be z(4). Let v = 789 + k. What is the greatest common divisor of v and 63?
21
Suppose -2255 = -67*v + 56*v. Suppose 5*o + 70 - v = 0. Calculate the greatest common factor of o and 189.
27
Suppose -4*o - 9 = -9. Suppose o = 5*k + 5*s - 1490, 15*k - 4*s - 584 = 13*k. What is the highest common divisor of 37 and k?
37
Let d = -154 + 161. Suppose -d*m + 36 = -3*m. Suppose 2*k - 198 = -0*k. What is the highest common divisor of k and m?
9
Let x = 15568 + -15033. Calculate the highest common factor of 5564 and x.
107
Let o(i) = -3*i**2 - i**3 - 2 + 15 + 5*i + 4*i. Let v be o(-5). Let f be (5 - 5) + -1 - -4. Calculate the greatest common factor of v and f.
3
Let b = 23 + -31. Let w be (139 + b/2)/1. Let x be 14*(w/10 + 4). What is the greatest common factor of x and 35?
35
Let z(l) = l**3 + 12*l**2 - l - 10. Let w be z(-12). Let i be (-3 + 2 + w)*2. Let n = 34 - 14. What is the highest common divisor of n and i?
2
Let g(m) = -m**3 + 70*m**2 - 312*m + 12. Let l be g(64). What is the greatest common factor of l and 154?
154
Let x(q) = -17*q - 32. Let z be x(-3). Let k(a) = -14*a - 79. Let h be k(-7). What is the greatest common divisor of h and z?
19
Let x(k) = 207*k + 3895. Let y be x(-18). Let j(t) = -6*t + 2. Let d be j(4). Let w = d + y. What is the greatest common factor of 21 and w?
21
Suppose 153 = 5*h - 747. Suppose -i = -0*i - h. Let k = 10653 - 10633. What is the greatest common factor of i and k?
20
Suppose -15519*p + 7911*p - 2268 = -7797*p. Suppose -109 + 25 = -b. Suppose k = -4*d + b, 4*k - 4*d = 2*k + 204. What is the highest common factor of p and k?
12
Let x(g) = g + 18. Suppose -3*u - 6 - 27 = 0. Let k be x(u). Suppose -44 = -2*l + k*v - 3*v, 4*v = 5*l - 92. Calculate the greatest common factor of 16 and l.
16
Suppose 1010 = 4*s + l, -105*l + 514 = 2*s - 109*l. What is the highest common factor of s and 920?
23
Suppose -6*r - 17 + 35 = 0. Suppose -n = 3*d + 1, d - 4 = 5*n + 1. Let t = n - -4. What is the highest common factor of t and r?
3
Let f = 3799 + -1595. What is the highest common factor of f and 116?
116
Let i be ((-17)/(765/144))/(1/(-5)). What is the highest common factor of i and 23600?
16
Let y be 3 + 30227/6 + 16/(-1056)*-11. Calculate the highest common factor of 355 and y.
71
Suppose 4*s = 2*g - 1034, 518 - 2560 = -4*g - 5*s. What is the highest common divisor of 741 and g?
57
Let h be -60*17*(-11)/((-165)/(-6)). What is the highest common divisor of h and 255?
51
Suppose 4*t + 188 = 444. Calculate the greatest common divisor of t and 1760.
32
Suppose -179400 + 1554627 = 789*x. Calculate the greatest common factor of x and 7221.
249
Suppose 3*q - 10*f - 329 = 0, 3*q - 637 + 266 = 4*f. Calculate the highest common factor of 608 and q.
19
Suppose -15*j - 1617 = -4242. What is the greatest common divisor of 4375 and j?
175
Let w = 2854 + -2784. Let r be (-42)/(-4)*(-20)/(-3). What is the highest common divisor of r and w?
70
Suppose 5*u - 2*o + 642 - 27026 = 0, -4*u + 5*o + 21097 = 0. What is the highest common divisor of u and 29?
29
Let p be 5/(8/(64/10)). Suppose -p*x = -5*x - 2, -z = -x - 77. What is the highest common divisor of z and 3?
3
Let p = -4208 + 5417. What is the greatest common divisor of 195 and p?
39
Suppose -b - 4*r + 15 = -21, 0 = 2*b - 2*r - 12. What is the greatest common factor of b and 66?
6
Suppose 378 = 2*b - 2*n, 0 = 2*b - n - 268 - 107. Calculate the greatest common factor of b and 496.
62
Let d(m) = 121*m + 1984. Let x be d(-16). Calculate the highest common factor of 528 and x.
48
Let g = 30 - 51. Let a be -4*3/42 + (-993)/g. Suppose a = 4*u + 3. Calculate the greatest common divisor of 77 and u.
11
Let k(d) = -d + 23. Let v be k(9). Let b be 52/v*(-112)/(-16). Suppose -x - b = -3*x. Calculate the highest common factor of x and 91.
13
Let q(r) = -r**3 - 4*r**2 - 47*r - 282. Let l be q(-9). What is the greatest common factor of l and 168?
42
Suppose -39*c = -41*c + 42. What is the highest common divisor of 287 and c?
7
Let o = 129109 + -91637. What is the highest common divisor of 32 and o?
32
Let t be 6 + -1 + 1 - 72. Let d be -2*2/(-4) + 35. Let k be 1/6 - t/d. Calculate the greatest common factor of 6 and k.
2
Let j be 11/66 + ((-163)/6 - 1). Let x = j - -184. Calculate the highest common divisor of x and 12.
12
Let n be 1 - -534 - 0/(-2). Suppose 0 = -3*y + 2255 + n. Suppose 5*l + y = 3*s + 2*s, -2*l = -4*s + 750. What is the highest common factor of 21 and s?
21
Suppose -351 - 737 = -8*k. Suppose -3*v + 1830 = -6*j, -161 - 450 = -v + j. Calculate the greatest common divisor of v and k.
68
Let i be ((-117)/(-12) - 8) + 2/8. Suppose 2*w + 0*v - 2340 = 4*v, -i*v - 10 = 0. Suppose 6*o - w = 574. Calculate the highest common factor of o and 17.
17
Let d be (3792/15 + (-20)/25)*450/21. Calculate the greatest common factor of d and 100.
100
Suppose 5*k + 4673 + 947 = 4*m, -3*m + 5*k + 4220 = 0. What is the greatest common divisor of 14 and m?
14
Suppose -5*w + 1 = 3*t - 6, -9 = -4*w + t. Suppose 0 = w*h + 2*h - 136. Let u be (-12)/18 + (-1432)/(-6). Calculate the greatest common factor of u and h.
34
Let k(m) = -378*m - 1590. Let b be k(-5). Suppose 36 = -p + 4*p. What is the greatest common factor of p and b?
12
Suppose 0 = -105*b + 64*b + 369. What is the greatest common factor of 207 and b?
9
Let u be 1/((-2)/36) + (-27 - -28). Let d be (-1 - 4)/(16 + u). Calculate the highest common factor of 15 and d.
5
Suppose -128*u + 16944 + 1872 = 0. Calculate the highest common divisor of 4746 and u.
21
Let k(s) = -28*s**3 - s**2 + 2*s. Let m be k(1). Let x be ((-117)/m)/((-2)/(-6)). Let u = -168 - -311. Calculate the highest common factor of u and x.
13
Let v = -2787 + 2812. Calculate the greatest common divisor of v and 3475.
25
Let w be -6*-37*3/(-12)*2. Let k be (-3)/9 - (-3)/((-27)/w). Let i be ((-15)/45)/((-2)/k). Calculate the greatest common divisor of i and 22.
2
Suppose 2*x - 381 = 3*j, 2*x - 200 = 2*j + 178. Let d be ((-11)/((-88)/(-16)))/((-4)/x). Calculate the highest common factor of 62 and d.
31
Let x(d) = -236*d - 182. Let o be x(-1). Calculate the greatest common factor of 783 and o.
27
Let r(t) = -63*t + 1449. Let d be r(19). Calculate the greatest common factor of 564 and d.
12
Let o(n) = -n**3 + 6*n**2 - 5*n -